 prime factors of m.
2, 3, 2557
Suppose -d = -4*d, 78 = -3*m + d. Let k(l) = 2*l**3 + 53*l**2 + 11*l + 33. List the prime factors of k(m).
3, 47
Let x = -91 + 93. Suppose 2*p = -x*q + 14, -2*p - 4 = -2*q + 2. Suppose -66 - 218 = -p*j. What are the prime factors of j?
2, 71
What are the prime factors of (84/(-63))/(2 + (-53916)/26955)?
2, 5, 599
Suppose 2*c + s = -147, 3*c - s = -3 - 205. Let p = -68 - c. List the prime factors of 2/p - 4290/(-45).
2, 3
Let l(q) = q**2 - 10*q + 6. Let z be l(-5). Suppose -z*b + 8216 = -68*b. List the prime factors of b.
2, 79
Let c(y) be the third derivative of y**6/10 - y**5/60 - y**4/24 - y**3/6 + 3*y**2. Let o be c(-1). Let u = o + 26. List the prime factors of u.
13
Suppose -43*w + 41*w = -24. Suppose -2*i - w*i + i = 0. Suppose i = -g - q + 139, -2*g + 269 = -2*q + q. What are the prime factors of g?
2, 17
Let g be 19/19*(0 + 0)/1. Suppose 13*f - 5694 + 416 = g. What are the prime factors of f?
2, 7, 29
Let d be (-2)/5 + 68/20. Suppose -3*r = 2*a - 5, d*r + 8*a - 3*a = -10. Suppose 4*o = r*i - 11 - 89, -79 = -4*i + 3*o. What are the prime factors of i?
2
Suppose 15 = r - 6*r + 3*u, 4*r = 5*u - 25. Suppose r = -5*n - 81 + 251. Let p = 66 + n. What are the prime factors of p?
2, 5
Let x(i) = i**3 + 44*i**2 + 67*i - 72. What are the prime factors of x(-38)?
2, 3023
Suppose 5*l + 2*q = -4, -q - 5 = -2*l - 3. Suppose -3*f - 2*h + 207 = -2*f, -3*f - h + 621 = l. List the prime factors of f.
3, 23
Suppose 1715 = 7*z + 322. Suppose 15*d + z = 16*d - 5*a, 0 = -2*a + 8. List the prime factors of d.
3, 73
Let u = 1469 - -49. Suppose -1013 = -2*q - l, -3*q = 3*l - 2*l - u. What are the prime factors of q?
5, 101
Let q(h) = h**3 + 5*h**2 - 2*h + 6. Let u be q(-5). Suppose 4*m - 40 + u = 0. What are the prime factors of (-2)/(-4)*(m - (-4 - 498))?
2, 127
Let d(c) = -22*c + 193. Let n(x) = 14*x - 128. Let j(p) = -5*d(p) - 8*n(p). List the prime factors of j(11).
37
Suppose -4*c - 113 = -133. Suppose 0 = c*h - 109 - 1711. What are the prime factors of h?
2, 7, 13
Let f(q) = -10*q - 58 - q + 10. What are the prime factors of f(-8)?
2, 5
Let n(m) = -m**3 - m**2 - m + 1. Let i(j) = -4*j**3 + 28*j**2 - j - 23. Let o(b) = i(b) - 3*n(b). List the prime factors of o(31).
2, 3
Let y(d) = -d**2 + 5*d**2 + 18 + d**2 - 4*d**2 + 3*d. Let g be (-5 - -2)/(9*1/30). List the prime factors of y(g).
2, 11
Let s be 1 - ((-6)/45 + 5664/(-45)). Suppose 0 = i + s - 520. List the prime factors of i.
3, 131
Let b be 148/185*10/(-4). Let l(t) = -62*t**3 + 3*t**2 - 1. What are the prime factors of l(b)?
3, 13
Let o(u) = -323*u - 4. Let n be o(-2). Suppose g + g - 2*k = n, 3 = k. Suppose 3*r + 3*r = g. List the prime factors of r.
2, 3
Let h = -50360 + 78147. List the prime factors of h.
37, 751
Let k = 1608 + -931. Suppose 3*c = 5239 + k. What are the prime factors of c?
2, 17, 29
Suppose -10563 = -2*j - 5*w, 4*w - 15855 = -4*j + j. What are the prime factors of j?
3, 41, 43
Let u(p) = -11*p**2 + 4*p + 33. Let d(y) = 5*y**2 - 2*y - 15. Let j(n) = 9*d(n) + 4*u(n). List the prime factors of j(-9).
2, 3
List the prime factors of 7 + (-12294152)/(-351) - 10/675*5.
53, 661
Suppose -w + 2*j + 17251 - 4698 = 0, 5*j - 62795 = -5*w. What are the prime factors of w?
29, 433
Let r = 542 - 734. List the prime factors of (r/(-30))/(10/125).
2, 5
Let f be 1/(-6)*2 - 104/3. Let w = 39 + f. Suppose 2*l + d - 155 = 0, -56 = -l - w*d + 25. What are the prime factors of l?
7, 11
Suppose 0 = -4*i + 2*v - 240, -11*i + 120 = -13*i + 2*v. List the prime factors of 12/(-10) + (-21372)/i.
5, 71
Let o(h) = 5*h + 2*h + 0*h + 23. Let s be o(-8). Let q = -27 - s. What are the prime factors of q?
2, 3
Suppose 8*o - 93 - 3 = 0. List the prime factors of (-1)/o + ((-174350)/(-120))/11.
2, 3, 11
Suppose 5*h = h - 20, 4*h - 4924 = -4*d. Suppose 0 = i + 4*m + 205 - d, 5*m + 3110 = 3*i. List the prime factors of i.
3, 5, 23
Let f be -1*(-13)/(-26)*(-2148)/2. Suppose 0 = z + 6 - f. List the prime factors of z.
3, 59
Let s(z) = z**3 + 3*z**2 - 4*z + 9. Let q be s(-4). Suppose -q*j + 2*j + 119 = 0. Suppose 176 + j = y. List the prime factors of y.
193
Let j(b) = 25 + 22 - 85*b - 11. List the prime factors of j(-5).
461
Let n = 60476 - 25767. List the prime factors of n.
61, 569
List the prime factors of ((-360)/630)/((-5)/((-133805)/(-2))).
2, 3823
Let m(r) = 5*r**2 - 7*r + 18. Suppose -10*p - 5*p + 105 = 0. List the prime factors of m(p).
2, 107
Suppose -2*a + 0*q - 99 = -5*q, -2*a - 2*q - 78 = 0. Let u be (-12165)/(-21) + 12/a. Let y = u - 376. What are the prime factors of y?
7, 29
Suppose 5*w = 4*l - 16, -3*w = -4*l + 10 + 6. Suppose l*j - 36 = 56. Suppose 5*s - j - 47 = 0. List the prime factors of s.
2, 7
Let o(u) = -u**2 - 57*u + 143. Let m = 376 - 406. List the prime factors of o(m).
953
Suppose -4*c - 2*s - 2814 = 0, 7*c - 9*c = -5*s + 1377. Suppose 29 = 3*x - 5*w + 1, 3*x - 2*w = 22. List the prime factors of 3 - (c/x - (-3)/(-18)).
2, 3, 5
Let y(j) = -j**3 - 22*j**2 - 16*j - 36. Suppose -33*k - 875 + 116 = 0. List the prime factors of y(k).
3, 7, 41
Let m = -56 - -58. Let w(u) = 14 - 58*u**2 + 8*u - u**3 + 58*u**m. What are the prime factors of w(-4)?
2, 23
Let o(m) = 5 + 8*m - 8*m + 8*m. Suppose 18*g = 7*g + 132. List the prime factors of o(g).
101
Let u = 96 + -65. Suppose 1176*c = 1181*c + 105. Let r = u + c. What are the prime factors of r?
2, 5
Let d(l) = -l**3 + 2*l**2 + l - 4. Let x be d(2). Let z be (10/(-20))/(x - (-21)/12). Let m(f) = 22*f**2 + 3*f - 3. What are the prime factors of m(z)?
7, 13
Let l = -76 - -63. Let f = -11 - l. Suppose -4*d = z - 20, -d - 58 = f*z - 7*z. What are the prime factors of z?
2, 3
Suppose 3*a + 72 = -2*i, -4*i = 3*a - 37 + 115. Let h be 1*10/(-4) - 11/a. What are the prime factors of (1 + h + 69)*4/8?
2, 17
Suppose -5*u = 30, 13152 = 4*t - 16*u + 20*u. What are the prime factors of t?
2, 3, 61
Let o be 2 + -7 + 7 + 0. Suppose 5*p + o*c - 128 = 0, -2*c + 84 = 3*p + c. List the prime factors of p.
2, 3
Let u = 49 - 28. Let a(s) = -39*s**3 - s**2 - 4. Let f be a(2). What are the prime factors of f/(-14) + 3/u?
23
Suppose 10260*g - 10236*g = 450192. List the prime factors of g.
2, 83, 113
Suppose 34*v - 107785 - 98833 = 0. List the prime factors of v.
59, 103
Let a = -316 - -307. Let i(o) = -o**2 - 24*o + 20. What are the prime factors of i(a)?
5, 31
Let i = -3572 - -9121. List the prime factors of i.
31, 179
Suppose 193 = 28*u + 809. List the prime factors of u + 22 - 2*-173.
2, 173
Suppose -4*t + 7*t - 1065 = -4*d, 0 = -5*t + 15. Suppose 3*x - d = 189. List the prime factors of x.
151
Let i = 294 + -82. Suppose 4*d - 5*j - i = -j, 0 = -4*d + 2*j + 212. Let k = 24 + d. What are the prime factors of k?
7, 11
Suppose -10*q + 11586 + 9844 = 0. What are the prime factors of q?
2143
Let r = 3722 + -1765. List the prime factors of r.
19, 103
Suppose 2695 + 1946 = 13*q. Let g = 372 - q. List the prime factors of g.
3, 5
Suppose 582*x - 595*x = -319254. List the prime factors of x.
2, 3, 4093
Let x = 1949 + -755. List the prime factors of x.
2, 3, 199
Let v(a) = -1543*a - 651. What are the prime factors of v(-8)?
11, 1063
What are the prime factors of (234/10)/9*4/(-2)*-9230?
2, 13, 71
Let w = 547 + -58. Suppose 6*j + 249 + w = 0. Let l = j + 138. What are the prime factors of l?
3, 5
Let j(b) = -3*b**2 + 4*b - 3 + 12*b + 15. Let s be j(9). Let o = 136 + s. List the prime factors of o.
7
Let f(c) = c**3 + 11*c**2 + 11*c + 12. Suppose -3*l - 12 = 2*k, -l + 9 = -k - 2. List the prime factors of f(k).
3, 5
List the prime factors of ((-39910)/8)/(41/(-492)).
3, 5, 13, 307
Suppose -3*r = 4*k + 3, -4*r = -4*k + 16 - 12. What are the prime factors of 197 + r/((-6)/24)?
3, 67
Let h be 2 + 0/4 + -2. Let u be (h - 20/6)*(-66 - -3). Let p = u - 120. What are the prime factors of p?
2, 3, 5
Let g(o) = -o + 19. Let d be g(5). Suppose -4*p + 3*x - d = 18, -p - x - 15 = 0. List the prime factors of 2 + (p - -4)*-4.
2, 3, 5
Suppose -13*b = 2617 - 9221. Suppose -3*n - 996 = -5*n - 2*y, 0 = -n - 3*y + b. What are the prime factors of n?
17, 29
Let c(s) be the third derivative of 0*s + 7/24*s**4 + 1/30*s**5 + 4/3*s**3 + 0 + 2*s**2. List the prime factors of c(-9).
107
Suppose 0 = -0*i - i + 4. Let l be -8*5/20 - -168. Suppose -162 = 5*k - 5*h - 1067, -k = i*h 